ose -5*q = 2*y - 58, -2*y = 4*q - 69 + 23. What is the greatest common factor of q and 30?
6
Let r = 9 + -4. Suppose -2*l + 27 = -r*g, -49 = -4*l + 2*g - 3. Calculate the greatest common divisor of 55 and l.
11
Let d(m) = -m**2 - 21*m - 10. Let z be d(-14). What is the greatest common divisor of 8 and z?
8
Suppose 5*k - 137 = -42. Suppose -4*f - 3 + 15 = 0. Suppose -2*o = -f*o + 152. What is the highest common factor of o and k?
19
Let t = 48 - -96. What is the greatest common factor of 36 and t?
36
Let o(z) = z**3 - 7*z**2 + 8*z - 5. Let t be o(6). Calculate the greatest common factor of 35 and t.
7
Suppose 4*w = 3*o + 249, 4*w - 308 = 4*o - 56. Let b = -8 + 32. Calculate the highest common factor of b and w.
12
Suppose -15 - 81 = -4*f. Suppose 2*j - f = j. Suppose 4*b + 4 - 3 = -5*i, -3*b = i - 13. Calculate the greatest common factor of b and j.
6
Let s = 12 + 31. Let h = s + -3. What is the greatest common divisor of h and 8?
8
Let c(q) = -q**3 - 3*q**2 + 10*q + 3. Let b be c(-5). Calculate the highest common factor of b and 33.
3
Suppose 4*c + 12 = 4*y, 0*c = -2*y - c + 9. Suppose 4*q - 4 = -0. What is the greatest common divisor of y and q?
1
Suppose 0 = -8*b - b + 396. Let k = -18 + 40. Calculate the highest common factor of k and b.
22
Let x(q) = 3*q**2 - 2*q. Let a be x(-2). Let t(s) = -35*s + 4. Let i be t(-4). Calculate the greatest common divisor of a and i.
16
Suppose -3*w - 3*s = 2*s - 25, 3*s - 33 = -3*w. Calculate the highest common divisor of 3 and w.
3
Suppose 0 = -5*d + 80 + 50. Suppose -2*k + 82 = 56. Calculate the highest common factor of k and d.
13
Let f(r) = r**3 - 5*r**2 - 5*r - 7. Let c be f(6). Let h be (-4 - c) + 0 + 43. Calculate the greatest common divisor of h and 16.
8
Suppose 120 = 4*z - 8. Let i = -8 + 4. Let o = 12 - i. What is the highest common divisor of o and z?
16
Let x be 126 + 0*2/(-6). What is the highest common divisor of 14 and x?
14
Suppose 3*s - 10 = s. Suppose s*o - 80 = o. Suppose 5*a + 57 = 4*k, 4*k + 3*a - 4 = 13. What is the highest common divisor of o and k?
4
Suppose -u + 32 = u. Calculate the greatest common factor of 48 and u.
16
Suppose 98 = h - 2*p, 0*p = h + p - 86. What is the greatest common divisor of h and 10?
10
Suppose 12*p = p + 1001. What is the greatest common factor of 7 and p?
7
Let l(v) = 2*v**2 - 11*v - 2. Let d be l(-6). Suppose -d = -3*w - 31. What is the greatest common factor of 5 and w?
5
Let l be ((16/(-4))/(-2))/1. Suppose 0 = -4*q + l*z + 17 + 69, -q + 18 = 3*z. Calculate the greatest common divisor of 21 and q.
21
Let l be (4 - 26/4)*-42. Calculate the greatest common factor of l and 15.
15
Let x be 112/6 + 14/(-21). Let f = -8 + x. Calculate the greatest common divisor of 90 and f.
10
Let u = -2 + 4. Let x(w) = 4*w + 1. Let m be x(u). What is the highest common factor of m and 72?
9
Let h be 0 + 1 - 13*3. Let k = h + 7. Let c = -22 - k. Calculate the greatest common factor of c and 45.
9
Let x be 32 + 0 - (2 + 0). Calculate the greatest common divisor of x and 15.
15
Let u(i) = 2*i**3 - 2*i**2 - 2*i - 1. Let b be u(2). Calculate the highest common factor of 27 and b.
3
Let d be (-7)/21 - (-10)/3. Let v = d + 6. Let i = 3 - -6. What is the greatest common factor of v and i?
9
Let n(d) = 31*d + 2. Let i be n(2). What is the highest common divisor of 160 and i?
32
Suppose b = 3*b - m - 68, 0 = 2*m + 8. What is the highest common divisor of 16 and b?
16
Let a = 22 - 14. Calculate the greatest common divisor of a and 64.
8
Let c = -15 - -47. Calculate the greatest common divisor of c and 16.
16
Let z(l) = l**3 - 8*l**2 - l + 8. Let m be z(8). Suppose m = 5*d - 170 - 190. Calculate the highest common divisor of d and 8.
8
Let i be 2 + (-5)/((-10)/(-4)). Let b(j) = -2*j + 7. Let v be b(5). Let z be v + 5 + (i - -4). Calculate the greatest common factor of 9 and z.
3
Suppose -9*g + 1225 = -4*g. What is the highest common factor of g and 35?
35
Let m(p) = p**2 + p - 2. Let j be m(-4). Suppose 4*q = 2*o - 96, 3*q = -2 - j. Let b = -2 - -10. Calculate the highest common divisor of b and o.
8
Suppose -7*b + 77 = -3*b - a, 2*a = 3*b - 59. Calculate the highest common divisor of 152 and b.
19
Suppose -6 = -3*p + 6*p. Let v be (-115)/(-1) + p + -1. What is the greatest common factor of v and 16?
16
Let u(b) = -2*b**3 + 0*b**3 + 3*b**3 - 10*b + 9*b**2. Let r be u(-8). Suppose 2*i + r = 6*i. What is the greatest common divisor of 54 and i?
18
Suppose -2*q + 34 = -6. What is the greatest common factor of q and 220?
20
Suppose 3*b + 4*m - 23 = 0, b - m = -b + 8. Suppose y + 124 = 4*o - y, -112 = -4*o + b*y. Calculate the highest common divisor of 3 and o.
3
Let u(w) = 21*w**2 + 9*w - 9*w. Let y be u(-1). Calculate the highest common factor of y and 3.
3
Let p(y) be the first derivative of -y**3/3 + 5*y**2/2 - 7*y - 1. Let c be p(5). Let k be (-110)/c - (-2)/7. What is the greatest common factor of k and 112?
16
Suppose 0 = 4*v - 4*q, v + v - 4*q - 10 = 0. Let a be (276/9)/(v/(-15)). Calculate the highest common divisor of 23 and a.
23
Let x be (-8)/24 - (-4)/(-6). Let k = x - -8. Calculate the greatest common divisor of k and 77.
7
Let p = -13 - -93. What is the highest common factor of p and 16?
16
Let q(d) be the second derivative of d**5/20 + d**4/3 - d**3 + 7*d**2/2 - 7*d. Let r be q(-5). What is the highest common divisor of r and 60?
12
Suppose -3*b + 0*c - 3*c + 36 = 0, 5*b + 2*c - 48 = 0. Let j(k) = 130*k - 1. Let y be j(-1). Let v = -75 - y. What is the greatest common divisor of v and b?
8
Let c be 2 + 30/(-4)*2. Let q = 2 - c. What is the greatest common factor of 3 and q?
3
Suppose 25 = 5*g + u, -4*u + 25 = 4*g + g. Suppose 13 = 2*y + g, 11 = 3*i - 4*y. Calculate the highest common divisor of i and 27.
9
Let d(n) = 41*n - 15. Let g be d(6). Calculate the highest common divisor of 21 and g.
21
Suppose -4*v = 6*x - 4*x + 20, 0 = 5*x - 2*v + 14. Let b = 7 + x. Suppose f + 3*i + 6 = 0, 5*i = -5*f + f + 4. What is the highest common divisor of b and f?
3
Suppose 4*p + 5*n + 0 = 27, -3*p - 5*n + 19 = 0. Calculate the greatest common factor of 56 and p.
8
Let l(v) = v**3 + 3*v**2 + v + 1. Let j be l(-2). Let g be 21 + 3*(-2)/j. What is the highest common divisor of 76 and g?
19
Let c = 38 - 26. What is the greatest common factor of 132 and c?
12
Let o = 2 + 3. Suppose -o*n = -n - 24. Calculate the greatest common factor of 9 and n.
3
Let g = 273 - 75. What is the highest common factor of g and 22?
22
Let c be 18/(-24) + 6/8. Suppose k + c - 12 = 0. Calculate the greatest common factor of 8 and k.
4
Suppose -15*l + 10*l = -65. What is the highest common divisor of l and 39?
13
Suppose -4*w + 2*z + 59 = 3*z, 2*w - 31 = z. Suppose 23 = g - 5*k, 22 = 3*g - 4*g - 4*k. Let i = g + 7. Calculate the greatest common divisor of w and i.
5
Let n(c) = 6*c - 9. Let l be n(4). Let y = -26 - -56. What is the greatest common divisor of y and l?
15
Let p be 42 + (4 - 10/2). Suppose -45 = -4*s + 5*b, -5*b + p = 5*s - 4. Calculate the highest common divisor of s and 2.
2
Let a = -77 + 572. Suppose 2*w + 3*w = a. Let d = -59 + w. Calculate the highest common factor of d and 5.
5
Suppose -4 = i - 1. Let h be (9/i - -28) + -1. What is the highest common divisor of h and 120?
24
Let d(a) = a**2 - 10*a - 21. Let u be d(12). Calculate the highest common factor of 9 and u.
3
Suppose 3*q + 0*q - 90 = 0. Let r(d) = 5*d**3 + d. Let z be r(1). What is the highest common divisor of z and q?
6
Suppose 2*b + x = 4*x + 28, 2*x = -2*b + 28. Calculate the greatest common divisor of b and 224.
14
Let v = -81 + 113. Calculate the highest common factor of v and 160.
32
Let s(b) = -b**2 + b + 4. Let n be s(-6). Let r = n + 26. Let c = r - -20. What is the highest common factor of 12 and c?
4
Let m = -20 + -13. Let z = -19 - m. Suppose -2*w = q - 47, w - 3*q = 13 + z. Calculate the highest common divisor of 3 and w.
3
Suppose 6*u - 126 = -u. What is the highest common factor of u and 45?
9
Let p(c) = -9*c + 9*c + 3*c**2 + 2*c - 3. Let o be p(-3). What is the highest common factor of 9 and o?
9
Let o = 19 + -13. Let f(i) = 5*i - 2. Let m be f(4). What is the greatest common divisor of m and o?
6
Let y(h) = -h**2 + 10*h + 3. Let u be y(8). Calculate the highest common divisor of 19 and u.
19
Let q(y) = -y**2 + 19*